 13
Suppose 50*r - 833070 = -46*r - 9*r. What are the prime factors of r?
2, 3967
Suppose 0 = 2*j - 17 + 3. Suppose j*q + 339 = 4*q. Let g = q - -193. List the prime factors of g.
2, 5
Suppose -160 = -33*t + 32*t. Suppose 49*v = 54*v - t. What are the prime factors of v?
2
Let j(x) = -x**3 - 18*x**2 + 177*x - 43. List the prime factors of j(-28).
3, 947
Suppose 4*v + 10*k + 24 = 8*k, 2*k = 2*v. List the prime factors of ((-2)/(-2)*1)/(v/(-372)).
3, 31
Suppose -1718 = -m - r, -5154 = -3*m - 13*r + 15*r. List the prime factors of m.
2, 859
Suppose -1145 = -a - 2*b, -2056 = -4*a + 3*b + 2513. What are the prime factors of a?
3, 127
Let y(k) = -k**2 - 5*k - 3. Let q be -6 - (1 + -9 + 3). Let b be y(q). What are the prime factors of (b/(-3))/(0 + (-4)/156)?
13
Let b(m) be the second derivative of 3/10*m**5 + 0 + 1/3*m**3 + 2*m**2 + 28*m + 0*m**4. List the prime factors of b(3).
2, 43
Suppose 5432 + 65889 = 13*i - 44964. What are the prime factors of i?
5, 1789
What are the prime factors of ((-68)/(-153) - 670/(-72))/((-3)/(-2524))?
13, 631
Let k = 109424 - 73787. What are the prime factors of k?
3, 7, 1697
Let s = -51 - -53. Let t be 5/(-45) - s/(-18). What are the prime factors of (-153)/(-4) + t - (-18)/24?
3, 13
Suppose 2*y + 4 = 0, 10 = 7*q - 12*q + 5*y. Let n(z) = 59*z**2 + 6*z - 8. What are the prime factors of n(q)?
2, 3, 19
Let c(m) = -m**2 + 45*m - 76. Let b be c(25). Suppose -5*q = -3659 + b. What are the prime factors of q?
647
Let v = -22083 - -37253. What are the prime factors of v?
2, 5, 37, 41
Let n = -10 + 14. Suppose 0 = -n*b - 5*k + 1819, 6*k = 10*k + 20. List the prime factors of b.
461
What are the prime factors of 2/5 - 4*(-240933)/220?
13, 337
Let f be (40 - 42)/(0 + 4/(-42)). Let y(t) = t**2 - 26*t + 19. Let d be y(f). Let x = d - -171. What are the prime factors of x?
5, 17
Suppose 0 = 3*d + 4*b - 15232, -24*d + 26*d = 2*b + 10150. What are the prime factors of d?
2, 3, 47
Let h(g) = 116*g**2 + 2*g. Let k(q) = 4*q + 38. Let d be k(-10). What are the prime factors of h(d)?
2, 5, 23
Suppose 28093 = 12*u - 58379. List the prime factors of u.
2, 3, 1201
Let c(r) = 29*r**2 + 5*r + 238. What are the prime factors of c(-18)?
2, 1193
Suppose 4*x + 218 = 222. Let o be x/(1824/(-1828) - -1). Let l = o - 228. What are the prime factors of l?
229
Suppose 57*u + 118*u - 987350 = 0. What are the prime factors of u?
2, 7, 13, 31
Suppose 34*b - 3*b - 230350 - 129064 = 0. List the prime factors of b.
2, 11, 17, 31
Let l be 15/20 + 4 - (-6)/(-8). Suppose 3*t - 2 = l*h - 6, -2*t - 5 = -5*h. What are the prime factors of (23 - -112)/((1 - 0)*h)?
3, 5
Suppose 4*z = q - 49, -5*z + q - 53 = -3*q. List the prime factors of (-996)/(z + 7) + 4/1.
2, 5, 17
Suppose -16 = -3*g + 2*b, 4*g = -3*b - 13 + 6. Suppose q = -g*q + 15. Suppose -q*f = -578 - 707. List the prime factors of f.
257
Suppose 5*g = 4*p + 4*g - 23, -5*p + 35 = 5*g. Let q be 9*-3*p/(-27). Suppose -h = -8 + q. What are the prime factors of h?
2
Let b be (-90)/(-36)*(-56)/(-10). Let j(s) = 5*s**2 - 5*s - 199. What are the prime factors of j(b)?
3, 79
Let a = 421 - 420. What are the prime factors of 2 + 162 + -1*a/(-1)?
3, 5, 11
Suppose -26 = -10*q + 9*q. Suppose 28*w = q*w + 4. List the prime factors of ((-56)/8)/(w/(-22)).
7, 11
Suppose 0 = 122*h + 21*h - 3938986 + 866774. What are the prime factors of h?
2, 41, 131
Let q = -164 - -158. List the prime factors of 655/((q + 5)/(-1)).
5, 131
Let g = -19 - -18. Let t be (g + 0)/(13/(-13)) + 2. Suppose 0 = 3*i - t*v - 306, 2*i - 159 = v + 46. What are the prime factors of i?
103
Let j = -10 + 14. Suppose -11*i + 23 = -10. Suppose 4*f - 428 = -2*k, -9*k = -i*f - j*k + 334. What are the prime factors of f?
2, 3
Suppose 5*v = -5*l - 2535, -3*l - v - 689 - 830 = 0. Let k = 841 + l. What are the prime factors of k?
5, 67
Let p = 100 - 93. Let k(q) = q**2 + 2*q - 9. What are the prime factors of k(p)?
2, 3
Let y = 3275 - 3005. What are the prime factors of y?
2, 3, 5
Suppose -5*t = 5*b - 322725, 67*b - 66*b - 3*t = 64533. List the prime factors of b.
2, 3, 31, 347
Suppose -18*d - 16 = 2. List the prime factors of -6 - (d*369 - 6).
3, 41
Let k(l) = -l**2 - 8*l. Let w be k(-8). Suppose 0 = n - 3*x - 532, w = -2*n - 3*n + x + 2618. What are the prime factors of n?
523
Let a = 438 - 90. Suppose -f = z - 69, -4*f + 0*f = 5*z - a. Suppose 5*x + 2*h - 1184 = 0, -5*x - h + 1254 = z. List the prime factors of x.
2, 59
Suppose 0*t - 4*t - 45 = -5*b, -b + 1 = 0. What are the prime factors of t/(-3) - 2/(-3) - -183?
11, 17
Let v(g) = 5*g**3 - 8*g**2 + 235*g - 52. What are the prime factors of v(11)?
2, 3, 5, 137
Suppose 7*i - 11*i - 16 = 0. List the prime factors of i - (-23 + 1)*1.
2, 3
Let x be 3/(9/(-1617)) + -4. Let v = x + 943. List the prime factors of v.
2, 5
Let z be (-13)/(325/(-30))*-5. Let c be 32 + z/(-2)*1. Suppose 11 - c = -2*t. List the prime factors of t.
2, 3
Let k(p) = -11*p**3 + 34*p**2 + p + 66. List the prime factors of k(-14).
2, 3, 5, 41
Let t = -568 - -13576. What are the prime factors of t?
2, 3, 271
Let s(k) = k**3 - 36*k**2 + 13*k - 29. Let d be s(35). Let v = -189 - d. What are the prime factors of v?
2, 5, 61
Let b(p) = -6*p + 25. Let g be b(7). Let i = g - -282. List the prime factors of i.
5, 53
Let n = 18016 + -1004. What are the prime factors of n?
2, 4253
What are the prime factors of 5/2 + (8 - (-13086)/12)?
3, 367
Let b = 118 + -71. Suppose -3*x = x + 76. Let f = x + b. What are the prime factors of f?
2, 7
Let r = -17670 + 31919. List the prime factors of r.
14249
Suppose 7680*l - 57352 = 7672*l. List the prime factors of l.
67, 107
Let c(y) = 4*y + 36. Let v be c(-11). Let m(k) = 2*k**2 - 18*k + 6. Let n be m(15). What are the prime factors of 1/(95/n - (-4)/v)?
3, 31
What are the prime factors of (-1181 + 1178)/((-2)/((-15068)/(-2)))?
3, 3767
Suppose 47*k - 62608 = 40*k. Suppose 4*d + 12*d = k. List the prime factors of d.
13, 43
List the prime factors of 4/(((-92)/4080)/(-23)).
2, 3, 5, 17
Let z = -234 - -232. What are the prime factors of ((-4)/3)/(1*z/3)?
2
Let j = -6 + 4. Let n be (14 + -16 + 5)*1. What are the prime factors of n*(j + 3)*19?
3, 19
Suppose -16*j + 8870 = -14*j. List the prime factors of j.
5, 887
Suppose 5*u = -4*b + 21160, -26455 = -124*b + 119*b - 5*u. What are the prime factors of b?
3, 5, 353
Let t = -46 - -54. Suppose -4*o = t - 24. Suppose z - o*z = -276. List the prime factors of z.
2, 23
Let v(r) = -19*r + 6. Let k be 1/(((-2)/(-1))/(2*-17)). What are the prime factors of v(k)?
7, 47
Suppose -647*h = -771*h + 6680748. What are the prime factors of h?
3, 17959
Let r = -20284 - -31229. What are the prime factors of r?
5, 11, 199
Let q = 342 - -4347. List the prime factors of q.
3, 521
Let v = -26 + -56. Let s = v - -77. Let q(g) = -14*g + 7. What are the prime factors of q(s)?
7, 11
Let y = -558 + 1422. Suppose y = 2*h + 4*m, 4*h + 7*m = 5*m + 1716. List the prime factors of h.
2, 107
What are the prime factors of (-10 + -3 + 24766)*2/6?
37, 223
What are the prime factors of ((-1619)/3 + -1)*(-11 + (-28 - -3))?
2, 3, 811
Suppose -4*h - 41 - 38 = 3*c, 4*c - 60 = 5*h. Let t = 771 - h. List the prime factors of t.
787
Suppose -2*o + 7*o = -800. Let h = o - -544. Suppose -10*l + 7*l + h = 0. What are the prime factors of l?
2
Let l(j) = 8*j - 14. Let g(d) = -25*d + 41. Let u(f) = 2*g(f) + 7*l(f). Let a be u(4). Suppose a*q - 9*q + 178 = 0. List the prime factors of q.
2, 89
Let r = 65 + -61. Suppose -4*a - 2*p + 1952 = 0, a - 167 - 321 = r*p. What are the prime factors of a?
2, 61
Suppose -2*u - 10 = 5*i, -5*u + i - 8 = 5*i. Suppose u = 3*x - x - x. Suppose x = r - 0*r - 13. What are the prime factors of r?
13
Suppose -11*x - 4*x + 3780 = 0. Suppose 2*b - 990 + x = 0. List the prime factors of b.
3, 41
Suppose 8*x + 16191 = 3*v + 10*x, -4*x = 0. What are the prime factors of v?
3, 7, 257
Let d be (1431/(-36))/(5/8 - 1). Suppose -127 = -y - d. List the prime factors of (-1)/3 - (-112)/y.
5
Let o(m) = 14 - 2*m**2 + 4*m + 0*m**2 + 6*m + m**2. Suppose 3*j = -2*i + 19, 5*j = 4*i - 11 - 38. List the prime factors of o(i).
3
Suppose -85*u = -83*u + 4*n - 13980, -2*u + 3*n = -13966. List the prime factors of u.
2, 7, 499
Let w(n) = -2*n + 12. Let i be w(6). Suppose -6 = -3*l - i*l. Suppose 2*x = l*m - 30